+ 1. What is the units digit of z(o)?
8
What is the tens digit of 103 - 1 - (-6 - -7)*4?
9
Let l be (-4)/3*(-12)/8. Let f(p) = 5*p - l*p - 4*p**2 + 2*p**3 - 5 - p**3. What is the units digit of f(4)?
7
Let z(u) = -u**2 + 17*u - 26. What is the units digit of z(11)?
0
Let p(a) be the first derivative of 2*a**3/3 - 3*a**2 + 2*a + 2. What is the units digit of p(4)?
0
Let n(j) = 0*j + 5*j - 3 - 1. What is the units digit of n(4)?
6
Suppose -4*g - 2*s + 14 = -0*g, 0 = 5*s - 5. Suppose -y = 3, -g + 6 = 3*q + y. What is the units digit of q?
2
Let s(g) = 2*g**2 - 5*g - 10. Let b(p) = -p**2 + 2*p + 5. Let z(y) = -9*b(y) - 4*s(y). Let i = -1 + -3. What is the units digit of z(i)?
3
Suppose -3*v + 0*x + 251 = -x, 3*v = -4*x + 256. What is the units digit of v?
4
Let u be 2/(-8) + (-41)/(-4). Suppose u = -2*o - 3*o. Let b = o - -3. What is the units digit of b?
1
Suppose -3*m = -5 - 1. Suppose 5*p = 2*c - 18, 2*p + p = -c - m. What is the units digit of c?
4
Let o = 3 + 7. Suppose 6 = m - o. What is the units digit of m?
6
Suppose v - 4*v = -12, -560 = -3*l + 4*v. What is the tens digit of l?
9
Suppose -4*a - 4*i + 23 = -17, 3*a + 4*i - 28 = 0. What is the units digit of a?
2
Let o(d) = 22*d - 9. What is the tens digit of o(3)?
5
Suppose 3*n - 145 = -4*i, 2*i + i + 2*n - 110 = 0. What is the units digit of i?
0
Let j = -6 + 6. Let l(d) = -d**2 + 3. Let t be l(j). Suppose -2*y = -23 + t. What is the units digit of y?
0
Let d = -62 + 99. Let w = d - 193. What is the units digit of 4/18 + w/(-27)?
6
Let y(g) = g**2 - 8*g + 4. Let k be y(8). Suppose -k*i + 48 = -i. What is the tens digit of i?
1
Suppose 0*c - 8 = 4*c. Let h be 1/(1/16) - c. Let k = h + -12. What is the units digit of k?
6
Let f be 4/(-6) + (-11)/(-3). Suppose 0 = 5*g - 3*s + 42, 4*g + f + 1 = -5*s. Let y = g - -15. What is the units digit of y?
9
Let w be (0 + 0)/3*1. Suppose -i + w*i + 16 = 0. What is the tens digit of i?
1
Let a(z) = -2*z + 3*z**2 - 3*z - 3 + 0*z. What is the units digit of a(4)?
5
Suppose -2*g + 7*g - a = 595, 4*a = -3*g + 357. What is the units digit of g?
9
Let j be 3/(-6) - (-25)/10. Suppose -j*p = -3*p + 2*l + 5, l - 14 = -5*p. What is the units digit of p?
3
Suppose 4*q - g = -6*g + 5, 3*q - 3*g = 24. Suppose 2*d = t + 1, -q*d + 6*t = 4*t - 5. Suppose 5*o + 24 + 1 = 0, -2*o - 28 = -d*b. What is the units digit of b?
6
Suppose 0 = -5*m - b + 5, 0 = -3*m - 2*b + 3*b + 3. What is the units digit of m?
1
Let u be ((-14)/(-42))/((-2)/(-36)). What is the units digit of ((-4)/(-6))/(u/117)?
3
Suppose y - 3*q = 3*y, 2*y = 3*q. Let z = 46 - y. What is the tens digit of z?
4
Let h = 969 + -667. What is the hundreds digit of h?
3
Let p = 19 + -9. Let z = p + -3. Suppose 0 = -3*h - 5*y + 1, 6 = 5*h - 3*y - z. What is the units digit of h?
2
Let p(j) = -j**3 + 7*j**2 + 5*j + 8. What is the units digit of p(7)?
3
Let d(m) = 3*m**2. Let k be d(-2). What is the units digit of (k/(-9))/(2/(-12))?
8
Let v = 6 + -6. Suppose 3*i = -5*k + 22, -2*i = 3*i + 5. Let p = k - v. What is the units digit of p?
5
Suppose 7 = j + 2. Let b(f) = 5*f**2 - 1. Let q be b(-1). Suppose j + 5 = 5*t + q*m, 3*m = 4*t - 8. What is the units digit of t?
2
Let m be 4/8*-2 - -1. Suppose m = -b + 2*b - 3. What is the units digit of b?
3
Suppose -310 = -2*q + 256. What is the tens digit of q?
8
Let z(i) = i + 12. Let o = 19 - 29. What is the units digit of z(o)?
2
Let h be -1 + 1 - -2*1. Suppose z + h*z - 24 = 0. What is the units digit of z?
8
Suppose 2*f - 5*f = -54. What is the units digit of f?
8
What is the tens digit of 2/(-8)*-538 - 6/4?
3
Suppose 8*b + 204 = 12*b. What is the units digit of b?
1
Suppose -91 = -10*o - 21. What is the units digit of o?
7
Let k(m) = -3*m + 2*m + 3 - 9. Let p(b) = 6*b - 1. Let x be p(-1). What is the units digit of k(x)?
1
Let z(t) = -t**3 - 5*t**2 - 6*t - 5. Let s be z(-4). Suppose 0 = g + 2*k - s, -4*k - 39 = 2*g - 5*g. What is the units digit of g?
9
Let m = -23 - -17. Let x(y) = 2*y**2 + 6*y - 8. What is the units digit of x(m)?
8
Suppose -299 = -2*i + 99. What is the tens digit of i?
9
What is the units digit of ((-36)/(-126))/((-2)/(-2933))?
9
Let g(n) = 19*n**2 + 1. Let r = -4 + 3. What is the tens digit of g(r)?
2
Let c = 31 + -49. Let z = -11 - c. What is the units digit of z?
7
Let x(q) = q**3 - 16*q**2 + 17*q - 19. Let w be 10/(-4)*(-12)/2. What is the tens digit of x(w)?
1
Let p = 111 + -74. What is the tens digit of p?
3
Let u = 7 + -4. Suppose -b = u*b - 84. What is the tens digit of b?
2
Let b = -9 + 27. Suppose -3*t + b = 84. What is the units digit of t/2*-1 + -2?
9
Let y(n) = n**3 + 4*n**2 - 3*n + 1. Let m be y(-4). Let g = 8 + m. What is the tens digit of g?
2
Let g(y) = y**3 - 6*y**2 + y. Let j = -4 - -10. What is the units digit of g(j)?
6
Let t = -2 - -6. Let y(h) = h**2 + 10*h + 12. Let u be y(-9). Suppose -9*o + 4*o = 3*l - 14, 5*o + t = u*l. What is the units digit of o?
1
Let f be 16/6 + (-1)/(-3). Suppose -5*t = -3*s - 24, 0*s + 12 = -s + f*t. Let l = 4 + s. What is the units digit of l?
1
Suppose -2*h - m = -1, 5*h + 0*m = 5*m - 5. Suppose h = 2*s - 5*s + 864. What is the tens digit of (2/(-4))/((-8)/s)?
1
What is the units digit of 1/((-3)/(-306)*3)?
4
Suppose 3*x + 0*x - 630 = -3*l, -5*x - 1020 = -5*l. What is the units digit of l?
7
Let m(c) = c**2 - 7*c + 8. Let l be m(6). Suppose l*u - 4 = 6. What is the units digit of u?
5
Let m(b) = 3*b - 10. Let g(a) = a + 4. Let k be g(-10). Let l be k/(-9)*-1*-12. What is the units digit of m(l)?
4
Let q(y) = y**3 + 5*y**2 + 4*y - 1. Let p be q(-3). Suppose -p*d + 5 = -0. Suppose 3*a - 11 = 4*w, 5*w - 10 - d = a. What is the units digit of a?
9
Let p(x) = x**2 - 9*x - 7. What is the tens digit of p(-7)?
0
Suppose 2*t = -0*t. Suppose -w + t*x - 3*x = -5, 2*w + 4*x - 10 = 0. Let f(l) = l + 2. What is the units digit of f(w)?
7
Let x(z) = 2*z**3 - 5*z**2 - z**3 + 0*z**3 - 7 + 4*z. What is the units digit of x(5)?
3
Suppose -w = 3*g - 11, -4*g + 6 = -w - 2*w. Suppose l = 9 - g. What is the units digit of l?
6
Suppose -8 = -4*f - 0*f. Suppose 0 = f*w - 4*v - 22, 5*w = 4*w - 3*v - 4. What is the units digit of w?
5
Suppose 0 = 3*r - 4*b - 3, -5*b + 2 = 2*r - 2*b. Let t = 1 - r. Let g(f) = f**2 - f + 8. What is the units digit of g(t)?
8
Let w(p) = 4*p + 1. Let a be w(-1). Let x be a/(-12)*2*-2. Let h = 7 + x. What is the units digit of h?
6
Suppose c + 2*c = 6. Let o(l) = -4 + 6 + 2*l**2 + c*l + 2. What is the tens digit of o(-3)?
1
Let r = -1 + 6. What is the units digit of r?
5
Let b = -11 + 10. Let k(y) = 11*y**2 - y - 1. What is the units digit of k(b)?
1
Suppose -4*s = 5*v - 7, -s - s - 4 = 0. Suppose 0 = 2*w + 5*p, 0*w + 4*p = -w - v. What is the units digit of w?
5
What is the units digit of 954/38 - (-14)/(-133)?
5
Suppose -181 = -2*z - 11. What is the tens digit of z?
8
Let a(k) = -3*k + 23. What is the units digit of a(-15)?
8
Let f(g) = -g**2 + 4*g + 7. Let i be (-4)/(-2) + (2 - -1). What is the units digit of f(i)?
2
Suppose 4*x - 17 = 15. What is the units digit of x?
8
Suppose u + 2*c + 74 = 4*u, c + 24 = u. What is the units digit of u?
6
Let q = -12 - -22. What is the tens digit of q?
1
Suppose -3*k - 12 = 3*t, -2*t - 5*k - 34 = -11. Let s = t + 1. What is the units digit of (6/(-9))/(s/(-9))?
3
Suppose 2*k + 2*k - 28 = 0. Suppose 2*p = k*p - 25. What is the units digit of p?
5
Let y = -7 - -7. Suppose y = -r - r + 66. What is the tens digit of r?
3
Let n(b) = -b**3 + 6*b**2 - 3*b - 5. Let m be n(5). Suppose m*a - 4*a = 15. What is the tens digit of a?
1
What is the units digit of 28 - (1 - 10/(-5))?
5
Suppose -2*h = -2*f - 0*h - 22, 0 = -2*h + 10. Let g be (3 - -2)/(1/2). Let d = f + g. What is the units digit of d?
4
Suppose n - 4*n = -5*y + 100, 0 = 2*y + 2*n - 56. Let j = -14 + y. What is the units digit of j?
9
Let a be (81/3)/(-1) + -4. Let w = 45 + a. What is the tens digit of w?
1
Let v(i) = -3*i**3 - 21*i**2 + 2*i + 19. Let g(j) = -j**3 - 7*j**2 + j + 6. Let l(x) = -8*g(x) + 3*v(x). What is the units digit of l(-7)?
3
Let i = -27 - 23. Let o = -15 - i. What is the tens digit of o?
3
Let n be 7/(-14)*(1 + 1). Let u = 21 - n. What is the units digit of u?
2
Let x(r) = -25*r - 31. What is the hundreds digit of x(-9)?
1
Suppose 3*f - 4 = 2. Suppose 12 = f*o - o. What is the units digi